s the highest common divisor of h and 24?
8
Let c be (-11)/(33/(-12))*(1 - -4). What is the highest common factor of c and 160?
20
Suppose 3*p - 8*p = -45. Let f = -2 + 0. Let i be 42/f*(0 + -3). Calculate the highest common divisor of p and i.
9
Suppose 0*o + 5*o + 337 = 3*g, -4*o - 20 = 0. What is the greatest common divisor of g and 13?
13
Suppose -a = -0*a - 1. Suppose h = -a + 3. Calculate the highest common factor of h and 8.
2
Suppose 13*h = -6*h + 3952. Calculate the greatest common divisor of h and 26.
26
Suppose 112 = 5*j - 83. Calculate the highest common factor of 13 and j.
13
Let l be 1398/42 - (-8)/(-28). Calculate the greatest common factor of 55 and l.
11
Let s be 106*(-2)/(-6) + (-2)/6. What is the highest common factor of 35 and s?
35
Let f(a) be the third derivative of -a**4/12 + 2*a**3 - 7*a**2. Let x be f(0). Calculate the highest common divisor of x and 6.
6
Let h(z) = -2*z - 2. Let n be h(-4). Let f = 25 + -145. Let j be f/25*(-40)/n. What is the highest common factor of j and 48?
16
Let b = 17 + -16. What is the highest common factor of 11 and b?
1
Let f = -14 + 7. Let g(d) = d**3 + 7*d**2 - d - 2. Let z be g(f). Calculate the greatest common divisor of 45 and z.
5
Suppose -r - 5*r + 528 = 0. Calculate the greatest common factor of 44 and r.
44
Suppose -5*y + 450 = 5*z, -3*y - 11 = -5*z - 265. Calculate the highest common divisor of y and 16.
8
Suppose u - 155 = -2*u - 2*d, -4*u = d - 215. Let r(z) = z**3 + 11*z**2 + 8*z - 15. Let o be r(-10). What is the greatest common factor of o and u?
5
Suppose 2*v - 2*m + 5 = 17, 0 = -5*v + 3*m + 28. Suppose v*u = 52 - 17. Calculate the highest common factor of 7 and u.
7
Suppose 6*f - f = -50. Let p be (-1504)/f + (-32)/80. Calculate the highest common divisor of p and 60.
30
Let p be 28/(-7) + 21 + 1. Calculate the greatest common divisor of p and 18.
18
Let i be -1 + 1 + (10 - 2). Calculate the greatest common factor of 32 and i.
8
Suppose -8 = -3*r + 2*c, -39 = 2*r - 6*r - 3*c. Calculate the greatest common divisor of 66 and r.
6
Suppose 3*a - 136 = -0*a - v, -5*a + 224 = -v. What is the greatest common factor of 18 and a?
9
Suppose r - 4 - 6 = -2*q, -2*q - 22 = -r. What is the greatest common factor of r and 8?
8
Let h(u) = -u**3 - 2*u**2 + 2*u - 1. Let z be h(-3). Suppose -z*x + 13 = -71. Let p be -1 + (29 - (-2 - -2)). Calculate the highest common factor of p and x.
14
Suppose 10 - 7 = -a. Let w be 8/(-4) - (a - 21). Calculate the greatest common factor of 198 and w.
22
Suppose 5*p + 2*q + 2*q = 68, p + 2*q - 16 = 0. Calculate the highest common factor of 30 and p.
6
Let c be ((-20)/(-6))/((-12)/(-126)). What is the greatest common factor of 5 and c?
5
Suppose 2*p = -4 - 0. Let r = 4 - p. Let g(l) = l**2 - 5*l + 3. Let n be g(6). What is the greatest common factor of r and n?
3
Let c be (-32)/(-6) + (-2)/(-3). Let b(a) = a**3 - 5*a**2 - 6*a + 4. Let v be b(6). Calculate the greatest common factor of v and c.
2
Let o(i) = i - 2. Let n be 15/1*4/10. Let h be o(n). Suppose h*c + 3*y = 137, -2*c = -4*y + y - 73. What is the highest common factor of c and 14?
7
Let m(c) = c**2 - 8*c - 10. Let p be m(-9). Let d be (-10)/15 - 116/(-3). Let y be d/3 - 1/(-3). Calculate the greatest common divisor of p and y.
13
Let m(w) = -3*w - 8. Let u be m(-6). Let n(f) = f**2 - 8*f - 14. Let h be n(u). Calculate the greatest common factor of h and 3.
3
Suppose 0 = k - 3*k. Suppose k = 5*v - 10 - 105. Suppose -31 = -x - 8. What is the highest common divisor of x and v?
23
Suppose 10*y - 1575 = y. What is the highest common divisor of y and 70?
35
Let j be 1/(3/6) + -1. Let o be (j/3)/(1/33). Calculate the greatest common divisor of o and 11.
11
Let l be (8/(-3))/((-3)/45). Calculate the greatest common factor of l and 5.
5
Let i be -6*((-1)/3 + -1). Suppose 3*j - 31 = j - 3*m, 0 = -j - 5*m + 33. What is the greatest common divisor of j and i?
8
Suppose -2*q + 27 = -7. Let x = -10 + q. What is the highest common divisor of 56 and x?
7
Let n be (-2 - 8)/((-7)/14). What is the greatest common divisor of 5 and n?
5
Let u = 0 - 0. Suppose l + l - 24 = u. Suppose 7*h - 15 = 69. Calculate the greatest common factor of l and h.
12
Let d(f) = -f**2 - 8*f + 1. Let w be d(-8). Let j be (-1)/1 + w + 1. Calculate the greatest common factor of j and 4.
1
Let u(j) = -10*j + 1. Let g be u(-11). Calculate the highest common divisor of g and 37.
37
Suppose -u - 25 = -t, 5*t - 2*t - 93 = -3*u. What is the highest common divisor of 70 and t?
14
Let r(a) be the third derivative of a**2 - 1/6*a**4 + 1/15*a**5 + a**3 + 0 + 0*a + 1/120*a**6. Let h be r(-5). Calculate the highest common divisor of h and 7.
1
Let h be 3*(4/14 - (-508)/84). Calculate the greatest common factor of 209 and h.
19
Suppose 56*a - 60*a + 88 = 0. What is the greatest common factor of 154 and a?
22
Let m(w) = 2*w - 7. Let r be m(6). Suppose 2*u - 25 = r*x, 2*x + 4 = -2. Let f be 8 - 7 - -2*7. What is the highest common divisor of u and f?
5
Let g be 59 - (-4 - (-3)/1). Suppose g = 7*l - 3*l. What is the greatest common divisor of 15 and l?
15
Let j = 6 + -11. Let p(t) = -t + 3. Let c be p(j). Let k be (-2)/c + 2408/32. What is the highest common divisor of k and 30?
15
Let n be (-6)/(-2) - -5 - 1. Let y be (-22)/(-4 - (2 - 4)). Let t = y - n. Calculate the greatest common factor of 32 and t.
4
Suppose -2*q + 226 = -2. Calculate the highest common factor of 76 and q.
38
Let o = -11 - -21. Let y be o - (2 - 3 - -1). Let c = 16 - y. Calculate the greatest common factor of c and 6.
6
Suppose -4*n = -68 - 148. Let g(q) = -5*q - 1. Let c be g(-2). Calculate the greatest common divisor of c and n.
9
Let u(i) = -i + 2. Let h be u(-2). Let w = h + -3. What is the greatest common factor of 4 and w?
1
Suppose 3*g - 7*g = -48. Calculate the greatest common divisor of 12 and g.
12
Let l be 6/2 - (3 + -3)/(-1). Calculate the highest common factor of 3 and l.
3
Let x = 126 + -125. What is the greatest common divisor of 1 and x?
1
Let l be 11/4 - (-1)/4. Suppose 0*z = -l*z + 9. Suppose -3*b = -12, 3*x - b = x - 2. What is the greatest common factor of z and x?
1
Let x be ((-63)/(-2))/((-9)/(-12)). Let f(b) = -b**2 - 6*b - 6. Let l be f(-4). Let k be (-7*l)/((-2)/4). Calculate the highest common divisor of k and x.
14
Suppose -2*q - 6 + 18 = b, 5*b - 60 = 3*q. Let s = -27 - -200. Let n = -65 + s. Calculate the greatest common divisor of n and b.
12
Let t be (6/39 - 236/(-156))*15. What is the greatest common divisor of t and 175?
25
Suppose -2*m - m + 675 = 0. Let b(t) = -5*t + 5. Let a be b(-4). What is the highest common factor of m and a?
25
Suppose -2*s = -17 - 3. Suppose v - 8*v + 28 = 0. Calculate the highest common factor of s and v.
2
Let a be 28/(-6)*(-41 + 20). Let t = 3 - 7. Let l be 216/15 + t/10. What is the highest common factor of l and a?
14
Suppose 3*m + 0*m - 4*g - 16 = 0, 0 = -2*m + g + 9. Calculate the highest common divisor of 16 and m.
4
Suppose 2 = -f + 4, -4*z - 2*f - 20 = 0. Let p = -12 - z. Let q(n) = n**3 + 7*n**2 - n + 8. Let w be q(p). Calculate the highest common divisor of 20 and w.
10
Suppose -48 = 2*x - 7*x + 4*b, -60 = -4*x - 4*b. Calculate the greatest common factor of 8 and x.
4
Let t(z) = -13*z**3 + z**2 + 2*z. Let h be t(-1). Calculate the highest common factor of 12 and h.
12
Suppose 0*w + 5*w - 3*g - 4 = 0, 5*w - 5*g = 0. What is the greatest common divisor of w and 5?
1
Let t(j) = j**3 - 8*j**2 - 10*j + 11. Let k be t(9). Calculate the highest common factor of 1 and k.
1
Let t(j) = 20*j - 20. Let m(f) = 7*f - 7. Let q(a) = 17*m(a) - 6*t(a). Let u be q(-11). Calculate the greatest common divisor of 108 and u.
12
Let d(k) = k - 1. Let z be d(5). Let l be 1/z - (-38)/8. Suppose 3*f = 2*u - l*u + 24, 2*f = 4*u - 56. Calculate the highest common divisor of u and 48.
12
Let w = 21 - -19. Suppose k - 5*p = -5, -15 = 2*k - 3*k - 5*p. Calculate the highest common factor of w and k.
5
Suppose 0 = -2*c - 4*m + 162 + 210, 4*m = -20. Calculate the greatest common divisor of 28 and c.
28
Let g be ((-3)/1 + 163)/1. What is the highest common factor of 20 and g?
20
Suppose -2*q - 3*u + 1052 = -0*q, -3*u - 12 = 0. Suppose 4*j + 2*x + 78 = q, -x = -5*j + 557. Calculate the greatest common factor of 28 and j.
28
Let k be 13 - (-3 + 4/4)